{"id":132,"date":"2023-03-25T20:31:13","date_gmt":"2023-03-25T20:31:13","guid":{"rendered":"http:\/\/de-oersprong.nl\/?page_id=132"},"modified":"2023-03-25T20:42:36","modified_gmt":"2023-03-25T20:42:36","slug":"oerklank","status":"publish","type":"page","link":"http:\/\/de-oersprong.nl\/?page_id=132","title":{"rendered":"OerKlank"},"content":{"rendered":"\n<p>De hele schepping bestaat uit trilling en iedere plant, boom, dier, mens heeft zijn eigen trilling en zijn eigen klankkleur.<\/p>\n\n\n\n<p>Klank is onlosmakelijk verbonden met je ziel. Wat een ziel is heeft mijn zoon David toen hij vier jaar oud was, en een jaar op deze vraag \u201cgestudeerd\u201d had, prachtig mooi antwoord.<\/p>\n\n\n\n<p>David: \u201cDe ziel is net als een zaklamp die licht geeft. Het is het licht wat door je heen komt op het moment dat je geboren word.\u201d<\/p>\n\n\n\n<p>Sounden\/klanken maken en zingen is de meest pure en directe vorm van jezelf uitdrukken. Er staat niets tussen jou en de klanken die je maakt in. Hoe mooi en puur is dit en tevens ook heel kwetsbaar, want alles wat er voelbaar is in jou word hoorbaar op het moment dat jij er klank aan geeft. Deze manier van sounden is voor mij een krachtig \u201cmedicijn\u201d geworden wat ik dagelijks inneem. In mijn werk met groepen heb ik keer op keer mogen ervaren hoe ontroerend mooi de muziek is die er klinkt als wij ruimte geven en klank geven aan \u201cdat\u201d wat er voelbaar is in jezelf. Als oude overtuigingen, kritische gedachtes, pijnlijke ledematen, een gevoelige buik en een kriebelende neus een stem krijgen van jou en hoorbaar mogen worden voor jezelf kan er verzachting gaan ontstaan in je lijf. Je gaat meer liefde voor jezelf voelen en voor onze prachtige schepping\u201d\u2026. En je ziel die gaat, zoals David zegt,\u00a0 steeds meer door jou heen stralen.<\/p>\n\n\n\n<p>Stel je nu, op dit moment, eens voor als wij mensen dat met z\u2019n allen zouden gaan doe<a>n en ons licht steeds meer gaan laten schijnen. Joehoeoeoeoeoe!!!!<\/a><\/p>\n\n\n\n<p>Laten we eerst starten bij ons zelf. Mocht je voelen dat je samen met mij en anderen samen in een groep wilt sounden. alleen met mij kan ook want ik geef ook \u00e9\u00e9n op \u00e9\u00e9n sessies, kom dan naar onze twee wekelijkse groep op maandagochtend bij het Groenewold in Venlo&nbsp; en op donderdagavond bij atelier KANS in Blerick.<\/p>\n\n\n\n<p>Stel je toch eens voor hoe bevrijdend het kan zijn als je geluid mag geven en je eigen muziek mag laten klinken, in een veilige bedding, precies zoals het op dat moment voelbaar is in jezelf. Stel je voor dat je je voor niets of niemand meer hoeft in te houden en dat je aan je malende gedachtes geluid mag geven, aan je pijnlijke schouder, je kriebelende teen, je hartsverlangen, je kritische gedachtes, je vreugde, je verdriet, je zielenroep\u2026\u2026.Hoe zou jouw lied dan klinken?<\/p>\n\n\n\n<p>Je lied klinkt altijd puur en authentiek en is meer dan de moeite waard om gezongen te worden en naar te luisteren.<\/p>\n","protected":false},"excerpt":{"rendered":"<p>De hele schepping bestaat uit trilling en iedere plant, boom, dier, mens heeft zijn eigen trilling en zijn eigen klankkleur. Klank is onlosmakelijk verbonden met je ziel. Wat een ziel is heeft mijn zoon David toen hij vier jaar oud was, en een jaar op deze vraag \u201cgestudeerd\u201d had, prachtig mooi antwoord. David: \u201cDe ziel &hellip; <\/p>\n<p class=\"link-more\"><a href=\"http:\/\/de-oersprong.nl\/?page_id=132\" class=\"more-link\">Lees verder <span class=\"screen-reader-text\">&#8220;OerKlank&#8221;<\/span><\/a><\/p>\n","protected":false},"author":1,"featured_media":0,"parent":0,"menu_order":0,"comment_status":"closed","ping_status":"closed","template":"","meta":{"footnotes":""},"_links":{"self":[{"href":"http:\/\/de-oersprong.nl\/index.php?rest_route=\/wp\/v2\/pages\/132"}],"collection":[{"href":"http:\/\/de-oersprong.nl\/index.php?rest_route=\/wp\/v2\/pages"}],"about":[{"href":"http:\/\/de-oersprong.nl\/index.php?rest_route=\/wp\/v2\/types\/page"}],"author":[{"embeddable":true,"href":"http:\/\/de-oersprong.nl\/index.php?rest_route=\/wp\/v2\/users\/1"}],"replies":[{"embeddable":true,"href":"http:\/\/de-oersprong.nl\/index.php?rest_route=%2Fwp%2Fv2%2Fcomments&post=132"}],"version-history":[{"count":3,"href":"http:\/\/de-oersprong.nl\/index.php?rest_route=\/wp\/v2\/pages\/132\/revisions"}],"predecessor-version":[{"id":140,"href":"http:\/\/de-oersprong.nl\/index.php?rest_route=\/wp\/v2\/pages\/132\/revisions\/140"}],"wp:attachment":[{"href":"http:\/\/de-oersprong.nl\/index.php?rest_route=%2Fwp%2Fv2%2Fmedia&parent=132"}],"curies":[{"name":"wp","href":"https:\/\/api.w.org\/{rel}","templated":true}]}}